{"id":16326,"date":"2022-06-27T11:07:15","date_gmt":"2022-06-27T09:07:15","guid":{"rendered":"https:\/\/shop.faresin.com\/prodotto\/wozek\/"},"modified":"2022-12-22T14:40:45","modified_gmt":"2022-12-22T13:40:45","slug":"wozek","status":"publish","type":"product","link":"https:\/\/shop.faresin.com\/pl\/prodotto\/wozek\/","title":{"rendered":"WOZEK"},"content":{"rendered":"","protected":false},"excerpt":{"rendered":"<p>Czarny w\u00f3zek z przedni\u0105 kieszeni\u0105 i wyjmowan\u0105 torb\u0105 na notebooka do 38,1 cm &#8211; 15 cali.<\/p>\n","protected":false},"featured_media":15812,"template":"","meta":[],"product_brand":[],"product_cat":[208],"product_tag":[],"class_list":{"0":"post-16326","1":"product","2":"type-product","3":"status-publish","4":"has-post-thumbnail","6":"product_cat-bagaz","8":"first","9":"instock","10":"taxable","11":"shipping-taxable","12":"purchasable","13":"product-type-simple"},"_links":{"self":[{"href":"https:\/\/shop.faresin.com\/pl\/wp-json\/wp\/v2\/product\/16326","targetHints":{"allow":["GET"]}}],"collection":[{"href":"https:\/\/shop.faresin.com\/pl\/wp-json\/wp\/v2\/product"}],"about":[{"href":"https:\/\/shop.faresin.com\/pl\/wp-json\/wp\/v2\/types\/product"}],"wp:featuredmedia":[{"embeddable":true,"href":"https:\/\/shop.faresin.com\/pl\/wp-json\/wp\/v2\/media\/15812"}],"wp:attachment":[{"href":"https:\/\/shop.faresin.com\/pl\/wp-json\/wp\/v2\/media?parent=16326"}],"wp:term":[{"taxonomy":"product_brand","embeddable":true,"href":"https:\/\/shop.faresin.com\/pl\/wp-json\/wp\/v2\/product_brand?post=16326"},{"taxonomy":"product_cat","embeddable":true,"href":"https:\/\/shop.faresin.com\/pl\/wp-json\/wp\/v2\/product_cat?post=16326"},{"taxonomy":"product_tag","embeddable":true,"href":"https:\/\/shop.faresin.com\/pl\/wp-json\/wp\/v2\/product_tag?post=16326"}],"curies":[{"name":"wp","href":"https:\/\/api.w.org\/{rel}","templated":true}]}}

<p>Czarny wózek z przednią kieszenią i wyjmowaną torbą na notebooka do 38,1 cm &#8211; 15 cali.</p>
